{"id":143,"date":"2022-08-30T21:43:57","date_gmt":"2022-08-30T19:43:57","guid":{"rendered":"http:\/\/konferencja.cdnpila.pl\/?page_id=143"},"modified":"2026-03-25T19:02:13","modified_gmt":"2026-03-25T18:02:13","slug":"marta-mlynska","status":"publish","type":"page","link":"https:\/\/konferencja.cdnpila.pl\/?page_id=143","title":{"rendered":"Dr hab. Joanna Mytnik"},"content":{"rendered":"\n<div class=\"wp-block-columns is-layout-flex wp-container-core-columns-is-layout-28f84493 wp-block-columns-is-layout-flex\">\n<div class=\"wp-block-column is-layout-flow wp-block-column-is-layout-flow\">\n<figure class=\"wp-block-image size-full is-resized is-style-rounded\"><img loading=\"lazy\" decoding=\"async\" width=\"1594\" height=\"1458\" src=\"http:\/\/konferencja.cdnpila.pl\/wp-content\/uploads\/2026\/03\/joannam.png\" alt=\"\" class=\"wp-image-1878\" style=\"aspect-ratio:1;object-fit:cover;width:324px;height:auto\" srcset=\"https:\/\/konferencja.cdnpila.pl\/wp-content\/uploads\/2026\/03\/joannam.png 1594w, https:\/\/konferencja.cdnpila.pl\/wp-content\/uploads\/2026\/03\/joannam-300x274.png 300w, https:\/\/konferencja.cdnpila.pl\/wp-content\/uploads\/2026\/03\/joannam-1024x937.png 1024w, https:\/\/konferencja.cdnpila.pl\/wp-content\/uploads\/2026\/03\/joannam-768x702.png 768w, https:\/\/konferencja.cdnpila.pl\/wp-content\/uploads\/2026\/03\/joannam-1536x1405.png 1536w\" sizes=\"auto, (max-width: 1594px) 100vw, 1594px\" \/><\/figure>\n<\/div>\n\n\n\n<div class=\"wp-block-column is-layout-flow wp-block-column-is-layout-flow\">\n<p><strong>prof. uczelni, dyrektorka Centrum Nowoczesnej Edukacji Politechniki Gda\u0144skiej<\/strong> Biolo\u017cka, naukowczyni i wyk\u0142adowczyni akademicka (od 1999 roku) i liderka zespo\u0142u Centrum Nowoczesnej Edukacji na Politechnice Gda\u0144skiej (od 2020 roku). Jej pasj\u0105 jest projektowanie ekosystem\u00f3w uczenia si\u0119 w oparciu o najnowsze wyniki bada\u0144 neuronaukowych i w uwa\u017cno\u015bci na potrzeby drugiego cz\u0142owieka. Poszukuje, projektuje i wdra\u017ca innowacyjne rozwi\u0105zania w obszarze edukacji. Jest przeciwniczk\u0105 stopni szkolnych i opresyjnego systemu edukacyjnego. Kluczowe obszary zainteresowa\u0144: zmiana w edukacji, neuronauki, gamifikacja, AI w edukacji. Od ponad 25 lat uczy ma\u0142ych, m\u0142odych i doros\u0142ych ludzi wykorzystuj\u0105c niestandardowe, autorskie metody i narz\u0119dzia dydaktyczne. Pomys\u0142odawczyni i organizatorka wielu wydarze\u0144 edukacyjnych, w tym Konferencja Dydaktyki Akademickich \u201eIdeatorium\u201d (od 2013) i konferencji \u201eGrywalizacja w edukacji\u201d (od 2023). Autorka ksi\u0105\u017cki: \u201eGamifikacja w edukacji. O budowaniu fabularnych system\u00f3w motywacyjnych\u201d (2025)\u00a0<a href=\"http:\/\/www.joannamytnik.com.pl\/\" target=\"_blank\" rel=\"noreferrer noopener\">www.joannamytnik.com.pl<\/a><\/p>\n<\/div>\n<\/div>\n\n\n\n<p><\/p>\n\n\n\n<div style=\"height:100px\" aria-hidden=\"true\" class=\"wp-block-spacer\"><\/div>\n","protected":false},"excerpt":{"rendered":"<p>prof. uczelni, dyrektorka Centrum Nowoczesnej Edukacji Politechniki Gda\u0144skiej Biolo\u017cka, naukowczyni i wyk\u0142adowczyni akademicka (od 1999 roku) i liderka zespo\u0142u Centrum Nowoczesnej Edukacji na Politechnice Gda\u0144skiej (od 2020 roku). Jej pasj\u0105 jest projektowanie ekosystem\u00f3w uczenia si\u0119 w oparciu o najnowsze wyniki bada\u0144 neuronaukowych i w uwa\u017cno\u015bci na potrzeby drugiego cz\u0142owieka. Poszukuje, [&hellip;]<\/p>\n","protected":false},"author":1,"featured_media":0,"parent":0,"menu_order":0,"comment_status":"closed","ping_status":"closed","template":"","meta":{"footnotes":""},"class_list":["post-143","page","type-page","status-publish","hentry"],"_links":{"self":[{"href":"https:\/\/konferencja.cdnpila.pl\/index.php?rest_route=\/wp\/v2\/pages\/143","targetHints":{"allow":["GET"]}}],"collection":[{"href":"https:\/\/konferencja.cdnpila.pl\/index.php?rest_route=\/wp\/v2\/pages"}],"about":[{"href":"https:\/\/konferencja.cdnpila.pl\/index.php?rest_route=\/wp\/v2\/types\/page"}],"author":[{"embeddable":true,"href":"https:\/\/konferencja.cdnpila.pl\/index.php?rest_route=\/wp\/v2\/users\/1"}],"replies":[{"embeddable":true,"href":"https:\/\/konferencja.cdnpila.pl\/index.php?rest_route=%2Fwp%2Fv2%2Fcomments&post=143"}],"version-history":[{"count":19,"href":"https:\/\/konferencja.cdnpila.pl\/index.php?rest_route=\/wp\/v2\/pages\/143\/revisions"}],"predecessor-version":[{"id":1905,"href":"https:\/\/konferencja.cdnpila.pl\/index.php?rest_route=\/wp\/v2\/pages\/143\/revisions\/1905"}],"wp:attachment":[{"href":"https:\/\/konferencja.cdnpila.pl\/index.php?rest_route=%2Fwp%2Fv2%2Fmedia&parent=143"}],"curies":[{"name":"wp","href":"https:\/\/api.w.org\/{rel}","templated":true}]}}